{"id":13,"date":"2008-03-10T23:32:57","date_gmt":"2008-03-10T22:32:57","guid":{"rendered":"http:\/\/www.zwei-meinungen.de\/?page_id=13"},"modified":"2008-03-10T23:32:57","modified_gmt":"2008-03-10T22:32:57","slug":"kooperation","status":"publish","type":"page","link":"https:\/\/www.zwei-meinungen.de\/?page_id=13","title":{"rendered":"Kooperation"},"content":{"rendered":"<p>Wir von <a href=\"https:\/\/www.zwei-meinungen.de\" title=\"www.zwei-meinungen.de\">zwei-meinungen.de<\/a> m\u00f6chten uns ganz herzlich bei allen bedanken, die sich mittels Kommentaren an unseren Themen beteiligen. Dar\u00fcber hinaus gilt der Dank nat\u00fcrlich auch denjenigen, die uns &#8211; sei es durch Verlinkung oder sonstige Werbung &#8211; in den Weiten des Internet bekannt machen. Besucht ihre Seiten, denn auch sie haben etwas zu sagen.<\/p>\n<p><strong>Private Hompages und Blogs:<\/strong><\/p>\n<ul>\n<li><a href=\"http:\/\/www.josupeit.com\/weblog\" title=\"www.josupeit.com\" target=\"_blank\">josupeit.com<\/a> &#8211; Aus dem Leben eines Homo Informaticus<a href=\"http:\/\/www.josupeit.com\/weblog\" title=\"www.josupeit.com\" target=\"_blank\"> <\/a><\/li>\n<li><em>du willst hier stehen? Verdiene es dir!<\/em><\/li>\n<\/ul>\n","protected":false},"excerpt":{"rendered":"<p>Wir von zwei-meinungen.de m\u00f6chten uns ganz herzlich bei allen bedanken, die sich mittels Kommentaren an unseren Themen beteiligen. Dar\u00fcber hinaus gilt der Dank nat\u00fcrlich auch denjenigen, die uns &#8211; sei es durch Verlinkung oder sonstige Werbung &#8211; in den Weiten des Internet bekannt machen. Besucht ihre Seiten, denn auch sie haben etwas zu sagen. Private [&hellip;]<\/p>\n","protected":false},"author":2,"featured_media":0,"parent":0,"menu_order":0,"comment_status":"open","ping_status":"open","template":"","meta":{"footnotes":""},"_links":{"self":[{"href":"https:\/\/www.zwei-meinungen.de\/index.php?rest_route=\/wp\/v2\/pages\/13"}],"collection":[{"href":"https:\/\/www.zwei-meinungen.de\/index.php?rest_route=\/wp\/v2\/pages"}],"about":[{"href":"https:\/\/www.zwei-meinungen.de\/index.php?rest_route=\/wp\/v2\/types\/page"}],"author":[{"embeddable":true,"href":"https:\/\/www.zwei-meinungen.de\/index.php?rest_route=\/wp\/v2\/users\/2"}],"replies":[{"embeddable":true,"href":"https:\/\/www.zwei-meinungen.de\/index.php?rest_route=%2Fwp%2Fv2%2Fcomments&post=13"}],"version-history":[{"count":0,"href":"https:\/\/www.zwei-meinungen.de\/index.php?rest_route=\/wp\/v2\/pages\/13\/revisions"}],"wp:attachment":[{"href":"https:\/\/www.zwei-meinungen.de\/index.php?rest_route=%2Fwp%2Fv2%2Fmedia&parent=13"}],"curies":[{"name":"wp","href":"https:\/\/api.w.org\/{rel}","templated":true}]}}